 4
-31322231
What is -635d5d (base 14) in base 16?
-333f4f
Convert -37a3ac (base 14) to base 8.
-7223444
-1077418 (base 11) to base 5
-440240433
Convert 234b46 (base 12) to base 15.
b364c
-1220212211 (base 3) to base 9
-56784
What is 12646666 (base 10) in base 4?
300033210022
Convert -14198b (base 14) to base 5.
-134233434
-35250105 (base 6) to base 11
-6888a1
What is 4143785 (base 9) in base 15?
2dae78
Convert 2062036 (base 7) to base 6.
5211201
What is -1221131033 (base 4) in base 12?
-189b7b
Convert 2230232010 (base 4) to base 6.
23055140
What is -1cb64a (base 13) in base 4?
-2310133010
Convert 241c53 (base 16) to base 9.
4406256
2002123213 (base 4) to base 13
15922c
2154621 (base 7) to base 12
109993
1142005 (base 7) to base 4
203111233
42375271 (base 8) to base 12
3040bb5
What is -5012632 (base 8) in base 6?
-44113430
What is 41b85 (base 14) in base 3?
22001200002
Convert -121111030 (base 4) to base 12.
-50064
Convert 456854 (base 10) to base 12.
1a0472
-16a044 (base 15) to base 13
-2c539c
Convert 4208b2 (base 12) to base 15.
1578ab
-10863 (base 16) to base 12
-33203
Convert -1204311 (base 9) to base 14.
-12dc20
What is -12240312 (base 5) in base 14?
-31115
-493f2b (base 16) to base 6
-250515335
What is a175 (base 15) in base 9?
51672
Convert 860dd6 (base 14) to base 8.
21233020
What is 11460255 (base 7) in base 4?
3321233310
What is 26a31a (base 11) in base 8?
1473332
4a729 (base 11) to base 3
10200210112
What is -1684313 (base 9) in base 12?
-394956
240403222 (base 5) to base 11
69651a
Convert 403a5a (base 12) to base 15.
14bd67
What is 490180 (base 15) in base 3?
20120111010210
3b4bc7 (base 15) to base 14
5430a6
Convert -3210201 (base 6) to base 11.
-a7967
Convert 377811 (base 10) to base 14.
9b987
Convert -122201002210000 (base 3) to base 5.
-4402113444
-102322213 (base 4) to base 16
-12ea7
What is -1619c (base 13) in base 10?
-42041
Convert -21259 (base 13) to base 8.
-164523
211179 (base 11) to base 4
1102211221
What is 20617462 (base 8) in base 13?
bb02ca
What is -12142301 (base 5) in base 2?
-11100001001111110
What is 110870 (base 16) in base 6?
35531532
Convert -b157 (base 12) to base 5.
-1103334
5a6852 (base 15) to base 11
2494698
-737e (base 15) to base 11
-1738a
What is 895a4 (base 11) in base 4?
133230202
Convert 25681 (base 11) to base 16.
8f90
What is 372212 (base 12) in base 15?
12a48b
b1aa39 (base 13) to base 14
79967a
What is 215708 (base 10) in base 2?
110100101010011100
11001000101100111111 (base 2) to base 15
1138a4
What is 301984 (base 11) in base 2?
1110110100100100001
144866 (base 12) to base 11
212427
-361336 (base 7) to base 14
-19b56
What is -ab4927 (base 12) in base 4?
-22121030233
Convert 22433435 (base 6) to base 8.
2501537
Convert 14141044 (base 5) to base 15.
2d59e
What is -22311 (base 11) in base 12?
-16853
cc1b3 (base 15) to base 13
199185
What is -265404 (base 9) in base 4?
-213122131
What is -110101011000010011101 (base 2) in base 16?
-1ab09d
What is -2111211212121 (base 3) in base 7?
-14231254
77821 (base 10) to base 4
102333331
-12222220000010 (base 3) to base 8
-14117436
What is 212112120100 (base 3) in base 5?
104311304
Convert -471325 (base 10) to base 7.
-4002061
Convert -32d0 (base 14) to base 5.
-240211
Convert 678a95 (base 15) to base 14.
928423
Convert -393ab (base 15) to base 4.
-230230232
-132434203 (base 5) to base 4
-2203313022
3313521 (base 6) to base 8
503071
What is -6545263 (base 7) in base 16?
-c3a6f
111141000 (base 5) to base 7
4110636
What is -2a59b (base 16) in base 9?
-283851
21213222 (base 4) to base 9
60040
Convert -2001222101200 (base 3) to base 10.
-1101807
-144203001 (base 5) to base 16
-bc89b
What is 464523 (base 11) in base 3?
1101111100111
-12a541 (base 12) to base 6
-10335321
What is -11001111101001000100100 (base 2) in base 5?
-3220212004
Convert 23213233 (base 4) to base 6.
1004211
-10678 (base 13) to base 12
-1520a
Convert 1521003 (base 6) to base 9.
144163
Convert 322497 (base 11) to base 5.
113000222
Convert 205831 (base 9) to base 7.
1016623
What is -3302001230 (base 4) in base 8?
-3620154
What is 12212120201 (base 3) in base 8?
341626
a34754 (base 16) to base 15
e15853
Convert -1012000111001 (base 3) to base 9.
-1160431
-1521530 (base 6) to base 13
-313bc
-677999 (base 10) to base 9
-1243032
1356274 (base 9) to base 4
2312020030
Convert -d4cb (base 16) to base 3.
-2202201121
Convert 66307 (base 13) to base 12.
8b11a
Convert -2202132202 (base 4) to base 5.
-132244011
Convert -6b666 (base 12) to base 15.
-2cb96
-1317147 (base 8) to base 13
-cb7b6
What is 107666 (base 10) in base 8?
322222
Convert 45521001 (base 7) to base 15.
536b83
-728a0 (base 11) to base 10
-106227
21225150 (base 6) to base 4
2120302122
Convert 2134e2 (base 16) to base 2.
1000010011010011100010
-2203177 (base 8) to base 9
-1101327
What is -5421154 (base 6) in base 16?
-413fe
Convert 32530 (base 6) to base 11.
3438
Convert -3024010 (base 6) to base 4.
-203001012
Convert 101000001010111101110 (base 2) to base 11.
819a88
What is 10122210001 (base 3) in base 13?
26a13
302200232 (base 5) to base 16
127462
10011101001001000011 (base 2) to base 6
21443511
Convert 1310440 (base 6) to base 12.
35420
Convert -55168 (base 9) to base 2.
-1000111011110001
54431253 (base 6) to base 15
22072c
Convert 6dca1 (base 14) to base 16.
41975
4932403 (base 10) to base 7
56632120
3686 (base 12) to base 5
144100
What is 1205aa (base 11) in base 12?
92696
What is 3886063 (base 10) in base 3?
21022102200021
Convert 32332010213 (base 4) to base 3.
21101101002002
What is 10001000010110011 (base 2) in base 4?
101002303
What is -1209655 (base 12) in base 16?
-356861
What is -163552523 (base 7) in base 8?
-52435032
What is -1069a7 (base 14) in base 16?
-87ca7
40c662 (base 16) to base 5
2041320330
Convert 30063040 (base 7) to base 6.
125141404
What is 2c960 (base 14) in base 13?
3ba53
42225 (base 14) to base 4
212331121
-2122102044 (base 5) to base 4
-101013221132
What is 3014155 (base 6) in base 8?
425567
Convert 212aa0 (base 13) to base 11.
491052
Convert -12266 (base 12) to base 3.
-1020200120
Convert 17861071 (base 9) to base 12.
3029447
What is 1536942 (base 10) in base 15?
2055cc
Convert -46701672 (base 8) to base 16.
-9b83ba
73612 (base 9) to base 8
136743
Convert -174243c (base 13) to base 6.
-425415333
What is 10000001100100001100 (base 2) in base 5?
113440300
-39904 (base 12) to base 2
-10011010011010100
Convert -2982cb (base 13) to base 7.
-11436050
-69a38 (base 12) to base 4
-202202030
-20002100200212 (base 3) to base 8
-14256412
What is 5a77d3 (base 15) in base 4?
100200301023
ae938 (base 15) to base 11
34a461
Convert -3133241120 (base 5) to base 15.
-892c5a
200405 (base 11) to base 4
1032300133
What is -2435113 (base 6) in base 4?
-133212111
Convert -10edcb (base 15) to base 11.
-503409
Convert -15253512 (base 6) to base 15.
-a8c8e
What is -118f8 (base 16) in base 3?
-10122200000
What is 4153645 (base 7) in base 6?
14422204
b56 (base 15) to base 5
40211
Convert 2573174 (base 9) to base 13.
3a31aa
Convert 286b77 (base 13) to base 8.
3606145
What is -110000111111001100 (base 2) in base 12?
-98150
-112cc (base 16) to base 8
-211314
-76de4 (base 15) to base 9
-635167
What is 6124543 (base 9) in base 11?
192a474
ede97a (base 15) to base 13
2470039
What is 2014606 (base 7) in base 16?
3a70b
What is 484114 (base 12) in base 14?
225a92
What is 23d630 (base 14) in base 13?
33cb01
What is -122212313 (base 4) in base 10?
-108983
Convert 2634236 (base 7) to base 11.
2160a1
Convert 845308 (base 10) to base 15.
11a6dd
Convert 18779 (base 13) to base 2.
1011100100111100
Convert 8095 (base 14) to base 9.
33256
What is -2be22 (base 16) in base 2?
-101011111000100010
Convert 372805 (base 9) to base 7.
1625342
b803 (base 15) to base 3
1222101210
Convert 1a36d2 (base 14) to base 13.
268039
What is -30c4a (base 16) in base 8?
-606112
-21334010 (base 5) to base 10
-183630
What is 2b09e7 (base 16) in base 8?
12604747
Convert 3375431 (base 9) to base 3.
10102112111001
What is -739288 (base 12) in base 10?
-1819976
Convert -103311300 (base 4) to base 15.
-19129
-213000333 (base 4) to base 13
-5797b
Convert 145097 (base 13) to base 11.
30a157
Convert 7476394 (base 11) to base 4.
302023323212
What is -330522 (base 10) in base 15?
-67dec
-